2 + 8*d - 35. What is z(5)?
80
Let r(s) = 12*s - 431. Give r(-11).
-563
Let w(j) = -4*j + 238. Determine w(61).
-6
Let v(o) = 159*o + 152. Determine v(-1).
-7
Let l(n) = n - 47. Determine l(19).
-28
Let d(q) = -4*q**3 + q**2 + q + 9. Determine d(-2).
43
Let n(y) = 18*y - 97. Give n(4).
-25
Let u(h) = 48*h - 239. Determine u(6).
49
Let c(g) = 145*g + 861. Determine c(-6).
-9
Let d(c) = c**2 - 104*c + 1735. Determine d(83).
-8
Let d(h) = h**3 + 184*h**2 - 5*h - 925. Calculate d(-184).
-5
Let g(c) = -7*c**2 - 70*c + 827. Determine g(7).
-6
Let s(r) = r**3 + 14*r**2 - 98*r + 66. Determine s(-19).
123
Let a(b) = 155*b + 130. What is a(-8)?
-1110
Let f(q) = -114*q + 537. Give f(6).
-147
Let h(x) = -x**2 - 35*x + 722. What is h(-29)?
896
Let t(s) = 7*s + 155. What is t(-14)?
57
Let m(f) = 8*f - 111. What is m(17)?
25
Let d(c) = 51*c + 871. Determine d(-17).
4
Let m(v) = 168*v - 6250. Determine m(37).
-34
Let b(m) = 384*m - 13053. Determine b(34).
3
Let n(a) = -a**3 + 22*a**2 - 86*a - 6. What is n(17)?
-23
Let p(r) = 20*r**2 - 6*r - 20. Determine p(-4).
324
Let t(j) = 2331*j - 32632. What is t(14)?
2
Let o(p) = -p**3 + 14*p**2 - 51*p - 17. What is o(7)?
-31
Let x(b) = b**2 - 111*b - 2774. Give x(132).
-2
Let f(g) = 367*g - 6. What is f(0)?
-6
Let p(f) = -2*f**3 + 35*f**2 - 60*f + 192. Give p(16).
0
Let s(z) = 624*z + 7468. What is s(-12)?
-20
Let c(z) = z**2 - 2262*z + 13616. Give c(6).
80
Let o(h) = 425*h**2 - 1271*h - 5. Determine o(3).
7
Let x(w) = 2*w**2 + 30*w - 71. Determine x(-18).
37
Let k(b) = b**2 + 60*b + 498. Determine k(-50).
-2
Let f(r) = -r**3 + 29*r**2 + 140*r + 1. Calculate f(33).
265
Let u(q) = 3*q**3 + 18*q**2 + 41*q - 6. Give u(-3).
-48
Let g(i) = -2*i**2 + 89*i - 474. Calculate g(6).
-12
Let b(p) = -772*p + 4740. Calculate b(6).
108
Let o(l) = -104*l - 1866. Determine o(-18).
6
Let b(j) = -1275*j - 29309. Calculate b(-23).
16
Let w(f) = 50*f**2 + 34*f + 37. What is w(-1)?
53
Let r(u) = u**3 + 6*u**2 + 67*u + 175. Calculate r(-3).
1
Let i(t) = 53*t**2 + 37*t - 5. Determine i(-1).
11
Let f(v) = v**3 + 6*v**2 - 219*v - 645. What is f(-3)?
39
Let l(k) = -3*k**3 - 29*k**2 + 34*k + 288. What is l(-10)?
48
Let h(v) = -9155*v + 45777. Calculate h(5).
2
Let u(m) = -21*m**2 + 2226*m - 2. Calculate u(106).
-2
Let i(d) = -d**2 + 2495*d + 27565. Give i(-11).
-1
Let f(r) = 5*r**2 - 30*r - 20. Calculate f(7).
15
Let q(u) = 4*u**2 + 21*u - 39. Calculate q(4).
109
Let m(w) = w**2 - 3*w - 21. What is m(-9)?
87
Let s(a) = 4*a + 66. Give s(-30).
-54
Let v(u) = -2*u**3 + 33*u**2 - 20*u - 18. Determine v(16).
-82
Let m(d) = -4*d**2 + 17047*d - 34082. Calculate m(2).
-4
Let o(q) = 44*q - 1363. Calculate o(31).
1
Let i(k) = 36*k - 137. Give i(21).
619
Let b(y) = -184*y + 1300. Determine b(7).
12
Let m(u) = -u**3 + 6*u**2 + 26*u - 1. Calculate m(7).
132
Let g(w) = -w**3 - 12*w**2 + 6*w + 7. What is g(-8)?
-297
Let k(h) = -3814*h - 19072. Give k(-5).
-2
Let j(s) = -663*s**2 + 3316*s - 11. What is j(5)?
-6
Let g(f) = -434*f + 59403. Give g(137).
-55
Let h(o) = -30*o**2 - 633*o - 28. Give h(-21).
35
Let b(o) = 7*o**2 + 98*o - 98. What is b(1)?
7
Let n(u) = 17*u + 872. What is n(-51)?
5
Let a(b) = 2*b**3 + 58*b**2 - 44*b + 479. What is a(-30)?
-1
Let y(a) = 81*a**2 - 255*a + 29. What is y(3)?
-7
Let m(z) = 2*z**3 + 123*z**2 + 60*z + 134. What is m(-61)?
195
Let p(r) = r**2 + 201*r + 2805. What is p(-15)?
15
Let g(p) = -p**3 - p**2 - 396*p - 11. Calculate g(0).
-11
Let u(r) = 117*r - 1333. Give u(16).
539
Let z(h) = -h**3 + 82*h**2 - 38*h + 3117. Calculate z(82).
1
Let o(f) = -f**3 + 8*f**2 + 442*f - 3143. Give o(7).
0
Let l(t) = t**3 + 5*t**2 - 19*t + 12. What is l(-7)?
47
Let i(c) = 2*c**3 + 25*c**2 - 10*c - 49. What is i(-12)?
215
Let s(r) = 3508*r - 21088. What is s(6)?
-40
Let l(f) = -16*f + 375. Calculate l(19).
71
Let q(h) = -2*h - 79. Give q(-7).
-65
Let f(k) = -k**3 - 24*k**2 + 84*k + 88. Give f(-27).
7
Let f(q) = 1585*q - 25358. Determine f(16).
2
Let v(c) = 4*c**2 - 3*c - 6. Calculate v(-1).
1
Let p(k) = -379*k - 16331. Give p(-43).
-34
Let w(p) = p**2 + 218*p - 10610. Determine w(41).
9
Let f(i) = -155*i - 251. Determine f(-3).
214
Let d(i) = -i**3 + 4*i**2 - 6*i - 22. Calculate d(4).
-46
Let b(y) = -10*y - 106. Determine b(-11).
4
Let g(b) = -b**3 + 24*b**2 + 736*b - 360. What is g(-18)?
0
Let q(a) = -a**2 + 53*a + 1668. Determine q(-23).
-80
Let n(s) = s**3 + 54*s**2 + 171*s + 3501. Give n(-52).
17
Let f(k) = k**2 - k + 36. Give f(9).
108
Let g(z) = -63*z + 10. Calculate g(0).
10
Let p(z) = -29*z**2 - 249*z + 31. What is p(-7)?
353
Let h(q) = -23*q + 296. Determine h(21).
-187
Let x(t) = -t**2 - 4*t + 523. What is x(21)?
-2
Let y(i) = 28*i - 1059. Determine y(40).
61
Let c(v) = -v**3 - 7*v**2 - 12*v - 1. What is c(-7)?
83
Let d(k) = k**3 - 11*k**2 + 14*k + 26. Give d(9).
-10
Let y(n) = -3*n**2 - 7*n - 46. Determine y(-4).
-66
Let j(k) = 961*k - 1935. Give j(2).
-13
Let b(s) = 3462*s - 65792. Give b(19).
-14
Let a(l) = -l**2 + 49*l + 1846. Calculate a(74).
-4
Let i(x) = x**3 + x**2 + 695*x + 3523. Determine i(-5).
-52
Let d(v) = v**3 + 32*v**2 + 154*v + 508. What is d(-27)?
-5
Let x(q) = -4176*q - 25049. Give x(-6).
7
Let d(r) = -3*r**3 - 79*r**2 - 14*r - 1812. Calculate d(-27).
24
Let v(c) = c**2 - 49*c + 580. Determine v(18).
22
Let g(h) = 13*h**2 + 128*h - 2984. Calculate g(11).
-3
Let y(f) = -88*f + 242. Give y(4).
-110
Let d(w) = w**3 + 47*w**2 - 325*w - 363. Calculate d(-53).
8
Let k(s) = s**3 + 81*s**2 + 521*s + 249. Give k(-74).
27
Let h(i) = -5*i**3 - 60*i**2 + 39*i + 456. Determine h(-12).
-12
Let y(g) = -g**3 + 2*g**2 + 1634*g - 2. Determine y(0).
-2
Let g(s) = -2*s**2 - 2379*s - 11851. What is g(-5)?
-6
Let v(u) = 24*u + 28. Calculate v(4).
124
Let z(u) = 10*u**3 + 71*u**2 - 3*u - 79. Determine z(-7).
-9
Let t(x) = 2*x**2 - 4960*x - 14892. Calculate t(-3).
6
Let r(s) = -s**2 - 378*s - 14071. Give r(-42).
41
Let q(w) = w**2 - 254*w - 7354. What is q(-26)?
-74
Let t(q) = 2*q**3 + 27*q**2 - 10*q + 81. What is t(-14)?
25
Let a(h) = -4*h**3 - 271*h**2 + 71*h + 207. Determine a(-68).
3
Let u(d) = d**2 + 64*d + 72. Calculate u(-63).
9
Let h(d) = 52*d - 1075. Give h(21).
17
Let x(k) = -2*k + 1. Calculate x(96).
-191
Let h(t) = -211*t + 1049. What is h(5)?
-6
Let y(s) = 431*s + 18526. Determine y(-43).
-7
Let z(q) = -12*q + 994. Give z(86).
-38
Let b(r) = 54*r - 1629. Give b(30).
-9
Let s(v) = 804*v + 20080. What is s(-25)?
-20
Let w(h) = -14*h**2 - 33*h + 12. Give w(-3).
-15
Let q(z) = -2*z**2 + 349*z - 1531. Calculate q(170).
-1
Let m(a) = 21*a**2 + 128*a - 7. What is m(-6)?
-19
Let k(q) = -226*q + 1570. What is k(7)?
-12
Let u(x) = -x**3 - 17*x**2 + 28*x + 88. Give u(-17).
-388
Let w(h) = 12*h + 383. Determine w(-31).
11
Let z(h) = -3079*h + 30783. What is z(10)?
-7
Let n(t) = 303*t - 8787. Determine n(29).
0
Let w(k) = -3*k**2 - 336*k - 978. Calculate w(-109).
3
Let a(t) = t**3 - 189*t**2 + 7731*t + 1160. Give a(129).
-1
Let b(v) = -2886*v + 245308. Determine b(85).
-2
Let y(c) = 3*c**3 - 10*c**2 - 12*c + 13. Give y(4).
-3
Let l(g) = 2*g**3 + 6*g**2 - 36*g - 34. Give l(-6).
-34
Let b(g) = -g**3 + 4*g**2 + 173*g - 127. Determine b(15).
-7
Let a(r) = -251*r - 1037. Calculate a(-6).
469
Let p(k) = -k**2 - 82*k - 1006. Determine p(-15).
-1
Let c(o) = o**3 - 17*o**2 - 39*o + 926. Calculate c(16).
46
Let u(w) = -3*w**2 + 94*w + 66. What is u(32)?
2
Let n(f) = f**2 + 16*f + 81. Determine n(-10).
21
Let h(f) = -f**2 - 49*f - 589. Calculate h(-24).
11
Let s(w) = w**3 - 7*w**2 - 2*w + 34. Give s(7).
20
Let i(s) = s**2 - 44*s + 705. Determine i(29).
270
Let w(m) = 2*m**3 - 12*m**2 - 20*m + 26. Give w(8).
122
Let r(k) = k**3 - 33*k**2 - 92*k + 751. Give r(35).
-19
Let o(i) = i**3 + 95*i**2 - 101*i - 485. Give o(-96).
-5
Let h(w) = -3*w**2 + w + 12. Give h(0).
12
Let t(n) = 3*n**2 - 1022*n + 1699. Give t(339).
4
Let x(d) = -2*d**3 - 18*d**2 - 4*d + 176. What is x(-7)?
8
Let y(x) = 219*x + 27. Calculate y(1).
246
Let t(q) = -462*q - 1385. Determine t(-3).
1
Let u(f) = 37*f + 195. What is u(-3)?
84
Let m(o) = -48*o - 2790. Calculate m(-58).
-6
Let z(q) = q**3 - 53*q**2 + 2*q - 93. Give z(53).
13
Let w(o) = -o**3 - 14*o**2 + 93*o - 21. What is w(-19)?
17
Let r(w) = w**3 + 16*w**2 + 25*w + 37. What is r(-15)?
-113
Let l(m) = -9*m**2 - 13*m - 4. Give l(